{"id":1718,"date":"2023-04-25T01:53:56","date_gmt":"2023-04-25T01:53:56","guid":{"rendered":"https:\/\/pilgerpro.com\/?page_id=1718"},"modified":"2023-04-25T02:09:48","modified_gmt":"2023-04-25T02:09:48","slug":"aviso-de-privacidad","status":"publish","type":"page","link":"https:\/\/pilgerpro.com\/index.php\/aviso-de-privacidad\/","title":{"rendered":"AVISO DE PRIVACIDAD"},"content":{"rendered":"\t\t<div data-elementor-type=\"wp-page\" data-elementor-id=\"1718\" class=\"elementor elementor-1718\">\n\t\t\t\t\t\t<section class=\"elementor-section elementor-top-section elementor-element elementor-element-39f5a2f elementor-section-full_width elementor-section-height-min-height elementor-section-height-default elementor-section-items-middle\" data-id=\"39f5a2f\" data-element_type=\"section\" data-settings=\"{&quot;background_background&quot;:&quot;video&quot;,&quot;background_video_link&quot;:&quot;https:\\\/\\\/pilgerpro.com\\\/wp-content\\\/uploads\\\/2023\\\/04\\\/fitness-is-her-niche-2022-11-10-02-51-50-utc.mp4&quot;,&quot;background_play_on_mobile&quot;:&quot;yes&quot;}\">\n\t\t\t\t\t\t\t\t<div class=\"elementor-background-video-container\" aria-hidden=\"true\">\n\t\t\t\t\t\t\t\t\t\t\t\t\t<video class=\"elementor-background-video-hosted\" autoplay muted playsinline loop><\/video>\n\t\t\t\t\t\t\t\t\t\t\t<\/div>\n\t\t\t\t\t\t\t\t\t<div class=\"elementor-background-overlay\"><\/div>\n\t\t\t\t\t\t\t<div class=\"elementor-container elementor-column-gap-default\">\n\t\t\t\t\t<div class=\"elementor-column elementor-col-100 elementor-top-column elementor-element elementor-element-db0d8cf\" data-id=\"db0d8cf\" data-element_type=\"column\">\n\t\t\t<div class=\"elementor-widget-wrap elementor-element-populated\">\n\t\t\t\t\t\t<div class=\"elementor-element elementor-element-8195fd6 elementor-invisible elementor-widget elementor-widget-heading\" data-id=\"8195fd6\" data-element_type=\"widget\" data-settings=\"{&quot;_animation&quot;:&quot;fadeInLeft&quot;}\" data-widget_type=\"heading.default\">\n\t\t\t\t<div class=\"elementor-widget-container\">\n\t\t\t\t\t<h2 class=\"elementor-heading-title elementor-size-default\">AVISO DE PRIVACIDAD<\/h2>\t\t\t\t<\/div>\n\t\t\t\t<\/div>\n\t\t\t\t\t<\/div>\n\t\t<\/div>\n\t\t\t\t\t<\/div>\n\t\t<\/section>\n\t\t\t\t<section class=\"elementor-section elementor-top-section elementor-element elementor-element-05b838f elementor-section-full_width elementor-section-height-default elementor-section-height-default\" data-id=\"05b838f\" data-element_type=\"section\">\n\t\t\t\t\t\t<div class=\"elementor-container elementor-column-gap-default\">\n\t\t\t\t\t<div class=\"elementor-column elementor-col-100 elementor-top-column elementor-element elementor-element-008b067\" data-id=\"008b067\" data-element_type=\"column\">\n\t\t\t<div class=\"elementor-widget-wrap elementor-element-populated\">\n\t\t\t\t\t\t<div class=\"elementor-element elementor-element-6f6b492 elementor-widget elementor-widget-image\" data-id=\"6f6b492\" data-element_type=\"widget\" data-widget_type=\"image.default\">\n\t\t\t\t<div class=\"elementor-widget-container\">\n\t\t\t\t\t\t\t\t\t\t\t\t\t\t\t<img fetchpriority=\"high\" decoding=\"async\" width=\"1024\" height=\"192\" src=\"https:\/\/pilgerpro.com\/wp-content\/uploads\/2023\/03\/pilgerpro-1024x192.png\" class=\"attachment-large size-large wp-image-668\" alt=\"\" srcset=\"https:\/\/pilgerpro.com\/wp-content\/uploads\/2023\/03\/pilgerpro-1024x192.png 1024w, https:\/\/pilgerpro.com\/wp-content\/uploads\/2023\/03\/pilgerpro-600x113.png 600w, https:\/\/pilgerpro.com\/wp-content\/uploads\/2023\/03\/pilgerpro-300x56.png 300w, https:\/\/pilgerpro.com\/wp-content\/uploads\/2023\/03\/pilgerpro-768x144.png 768w, https:\/\/pilgerpro.com\/wp-content\/uploads\/2023\/03\/pilgerpro-1536x288.png 1536w, https:\/\/pilgerpro.com\/wp-content\/uploads\/2023\/03\/pilgerpro-2048x384.png 2048w, https:\/\/pilgerpro.com\/wp-content\/uploads\/2023\/03\/pilgerpro-500x94.png 500w\" sizes=\"(max-width: 800px) 100vw, 800px\" \/>\t\t\t\t\t\t\t\t\t\t\t\t\t\t\t<\/div>\n\t\t\t\t<\/div>\n\t\t\t\t<section class=\"elementor-section elementor-inner-section elementor-element elementor-element-7700771 elementor-section-boxed elementor-section-height-default elementor-section-height-default\" data-id=\"7700771\" data-element_type=\"section\">\n\t\t\t\t\t\t<div class=\"elementor-container elementor-column-gap-default\">\n\t\t\t\t\t<div class=\"elementor-column elementor-col-100 elementor-inner-column elementor-element elementor-element-7df9748\" data-id=\"7df9748\" data-element_type=\"column\">\n\t\t\t<div class=\"elementor-widget-wrap elementor-element-populated\">\n\t\t\t\t\t\t<div class=\"elementor-element elementor-element-fb627e6 elementor-widget elementor-widget-text-editor\" data-id=\"fb627e6\" data-element_type=\"widget\" data-widget_type=\"text-editor.default\">\n\t\t\t\t<div class=\"elementor-widget-container\">\n\t\t\t\t\t\t\t\t\t<p style=\"text-align: justify;\">En cumplimiento a lo establecido en la Ley Federal de Protecci\u00f3n de Datos en Posesi\u00f3n de los Particulares, su Reglamento: TRUPPLEMENTS SA DE CV con direcci\u00f3n en Naciones Unidas 6885 int. Lirios 450 col. Virreyes Residencial, Zapopan, Jalisco C.P. 45050 emite el siguiente AVISO DE PRIVACIDAD, en los siguientes t\u00e9rminos:<\/p><p style=\"text-align: justify;\">\u00a0<\/p><p style=\"text-align: justify;\">Sus datos personales ser\u00e1n utilizados para las siguientes finalidades: formar una Base de Datos de prospectos de clientes, Informaci\u00f3n para cumplir las finalidades objeto de la solicitud del usuario, datos de contacto, para fines de publicidad, de mercadotecnia, promoci\u00f3n o prospecci\u00f3n comercial, prestar los servicios y llevar a cabo la compra y venta de productos solicitados por usted de manera remota, respecto al estatus de sus compras y\/o entrega de sus productos o servicios, la devoluci\u00f3n y\/o cambio de productos, facturaci\u00f3n, cumplir con la normatividad aplicable y requerimientos de las autoridades con base en Ley para el cumplimiento de las disposiciones legales y requerimientos de diversas autoridades, atender sus dudas, quejas y sugerencias como cliente y para cualquier finalidad an\u00e1loga o compatible con las anteriores. Al proporcionarnos sus datos personales usted acepta y reconoce expresamente el contenido del presente Aviso de Privacidad, el cual podr\u00e1 ser modificado de tiempo en tiempo por <strong>TRUPPLEMENTS SA DE CV y PILGER PRO.<\/strong><\/p><p style=\"text-align: justify;\">\u00a0<\/p><p style=\"text-align: justify;\">\u00bfQu\u00e9 datos personales obtenemos y de d\u00f3nde?: Para las finalidades se\u00f1aladas en el presente aviso de privacidad, podemos recabar sus datos personales de distintas formas: cuando usted nos lo proporciona directamente a trav\u00e9s del sitio de internet <a href=\"http:\/\/www.pilgerpro.com\">www.pilgerpro.com<\/a> ; cuando nos los env\u00eda a trav\u00e9s de correo electr\u00f3nico y cuando obtenemos informaci\u00f3n a trav\u00e9s de otras fuentes que est\u00e1n permitidas por la ley. Al proporcionarnos sus datos otorga su consentimiento expreso para que <strong>TRUPPLEMENTS SA DE CV Y PILGER PRO, <\/strong>pueda acceder a los datos personales proporcionados los cuales ser\u00e1n utilizados \u00fanicamente para los fines que se han dejado precisados, por lo que se autoriza a que dicha informaci\u00f3n sea proporcionada a terceros requeridos para cumplir con los procesos de entregas y env\u00edos de productos y\/ servicios, facturaci\u00f3n, devoluciones y lo relacionado a la garant\u00eda ofrecida por PILGER PRO; adoptando los niveles de seguridad de protecci\u00f3n de datos personales legalmente requeridos por Ley Federal de Protecci\u00f3n de Datos Personales en Posesi\u00f3n de los Particulares, bajo los principios de licitud, calidad, consentimiento, informaci\u00f3n, finalidad, lealtad, proporcionalidad y responsabilidad.<\/p><p style=\"text-align: justify;\">\u00a0<\/p><p style=\"text-align: justify;\">La veracidad de la informaci\u00f3n que proporcion\u00f3 queda bajo su responsabilidad, por lo que <strong>TRUPPLEMENTS SA DE CV y PILGER PRO, <\/strong>en ning\u00fan momento se hace responsable por la autenticidad de la misma, ni de da\u00f1o o perjuicio, que surjan en relaci\u00f3n con la utilizaci\u00f3n de la informaci\u00f3n proporcionada.<\/p><p style=\"text-align: justify;\"><strong><u>\u00a0<\/u><\/strong><\/p><p style=\"text-align: justify;\"><strong>Medios para ejercer los derechos de acceso, rectificaci\u00f3n, cancelaci\u00f3n u oposici\u00f3n (ARCO)<\/strong><\/p><p style=\"text-align: justify;\">\u00a0<\/p><p style=\"text-align: justify;\">De igual forma podr\u00e1 en cualquier momento que as\u00ed lo estime oportuno, optar por acceder, rectificar, cancelar u oponerse respecto de los datos personales, para lo cual se pondr\u00e1 en contacto a la siguiente direcci\u00f3n de correo electr\u00f3nico <a href=\"mailto:info@pilgerpro.com\">info@pilgerpro.com<\/a> \u00ad\u00ad\u00ad\u00ad\u00ad\u00ad\u00ad\u00ad\u00ad\u00ad\u00ad\u00ad\u00ad\u00ad\u00ad\u00ad\u00ad\u00adcumpliendo con el procedimiento y requisitos para procesar su solicitud, el cual estar\u00e1 sujeto a los dispuesto en la Ley Federal de Protecci\u00f3n de Datos Personales en Posesi\u00f3n de los Particulares.<\/p><p style=\"text-align: justify;\">\u00a0<\/p><p style=\"text-align: justify;\"><strong>Limitaci\u00f3n del uso y\/o Divulgaci\u00f3n de sus datos<\/strong><\/p><p style=\"text-align: justify;\">\u00a0<\/p><p style=\"text-align: justify;\">Usted podr\u00e1 limitar el uso o divulgaci\u00f3n de sus datos personales enviando su solicitud a la direcci\u00f3n de correo electr\u00f3nico <a href=\"mailto:info@pilgerpro.com\">info@pilgerpro.com<\/a> En caso de que su Solicitud sea procedente se le registrar\u00e1 en el listado de exclusi\u00f3n propio de <strong>TRUPPLEMENTS SA DE CV y PILGER PRO.<\/strong> Para mayor informaci\u00f3n favor de llamar a los tel\u00e9fonos 33 2028 0467 o al correo electr\u00f3nico <a href=\"mailto:info@pilgerpro.com\">info@pilgerpro.com<\/a>.<\/p><p style=\"text-align: justify;\"><strong>\u00a0<\/strong><\/p><p style=\"text-align: justify;\"><strong>TRUPPLEMENTS SA DE CV y PILGER PRO<\/strong> se reserva el derecho a modificar el Aviso de Privacidad en cualquier momento, el cual estar\u00e1 vigente Y a su disposici\u00f3n a los tel\u00e9fonos, v\u00eda correo electr\u00f3nico <a href=\"mailto:info@pilgerpro.com\">info@pilgerpro.com<\/a> y en el sitio web <a href=\"http:\/\/www.pilgerpro.com\">www.pilgerpro.com<\/a>. <\/p>\t\t\t\t\t\t\t\t<\/div>\n\t\t\t\t<\/div>\n\t\t\t\t\t<\/div>\n\t\t<\/div>\n\t\t\t\t\t<\/div>\n\t\t<\/section>\n\t\t\t\t\t<\/div>\n\t\t<\/div>\n\t\t\t\t\t<\/div>\n\t\t<\/section>\n\t\t\t\t<\/div>\n\t\t","protected":false},"excerpt":{"rendered":"<p>AVISO DE PRIVACIDAD En cumplimiento a lo establecido en la Ley Federal de Protecci\u00f3n de Datos en Posesi\u00f3n de los Particulares, su Reglamento: TRUPPLEMENTS SA DE CV con direcci\u00f3n en Naciones Unidas 6885 int. Lirios 450 col. Virreyes Residencial, Zapopan, Jalisco C.P. 45050 emite el siguiente AVISO DE PRIVACIDAD, en los siguientes t\u00e9rminos: \u00a0 Sus [&hellip;]<\/p>\n","protected":false},"author":1,"featured_media":0,"parent":0,"menu_order":0,"comment_status":"closed","ping_status":"closed","template":"elementor_canvas","meta":{"footnotes":""},"class_list":["post-1718","page","type-page","status-publish","hentry"],"_links":{"self":[{"href":"https:\/\/pilgerpro.com\/index.php\/wp-json\/wp\/v2\/pages\/1718","targetHints":{"allow":["GET"]}}],"collection":[{"href":"https:\/\/pilgerpro.com\/index.php\/wp-json\/wp\/v2\/pages"}],"about":[{"href":"https:\/\/pilgerpro.com\/index.php\/wp-json\/wp\/v2\/types\/page"}],"author":[{"embeddable":true,"href":"https:\/\/pilgerpro.com\/index.php\/wp-json\/wp\/v2\/users\/1"}],"replies":[{"embeddable":true,"href":"https:\/\/pilgerpro.com\/index.php\/wp-json\/wp\/v2\/comments?post=1718"}],"version-history":[{"count":26,"href":"https:\/\/pilgerpro.com\/index.php\/wp-json\/wp\/v2\/pages\/1718\/revisions"}],"predecessor-version":[{"id":1745,"href":"https:\/\/pilgerpro.com\/index.php\/wp-json\/wp\/v2\/pages\/1718\/revisions\/1745"}],"wp:attachment":[{"href":"https:\/\/pilgerpro.com\/index.php\/wp-json\/wp\/v2\/media?parent=1718"}],"curies":[{"name":"wp","href":"https:\/\/api.w.org\/{rel}","templated":true}]}}